ne m(-5).
32
Let d(q) = q**3 - 9*q**2 + 11*q - 44. Determine d(8).
-20
Let r(v) = -v**3 + 24*v**2 - 21*v - 28. Give r(23).
18
Let f(n) = n**2 - 15*n + 25. Determine f(12).
-11
Let y(t) = -t**3 - 18*t**2 - 19*t - 27. What is y(-17)?
7
Let j(p) = -28*p**2 - p. Calculate j(1).
-29
Let t(m) = -m**2 - 13*m + 3. Determine t(-12).
15
Let t(k) = -k**3 - 4*k**2 + 6*k - 12. What is t(-6)?
24
Let x(o) = -8*o. Give x(1).
-8
Let z(y) = y**2 - 24*y + 98. Calculate z(19).
3
Let m(y) = y**2 - 9*y - 11. Calculate m(10).
-1
Let r(c) = -2*c - 13. What is r(-12)?
11
Let m(x) = x**2 + 12*x - 8. Calculate m(-13).
5
Let i(d) = -d**3 + 12*d**2 - 10*d + 6. Determine i(11).
17
Let v(f) = -2*f**2 + 16*f - 19. What is v(11)?
-85
Let k(x) = -x**3 + 22*x**2 + 2*x - 49. Determine k(22).
-5
Let m(v) = -17*v**2 + v - 2. What is m(1)?
-18
Let y(h) = 4*h**2 - 2*h. Calculate y(2).
12
Let w(x) = 27*x**2 - x - 2. Calculate w(-1).
26
Let z(g) = g**2 - 8*g + 17. Calculate z(6).
5
Let g(b) = -17*b - 107. Calculate g(-6).
-5
Let y(n) = -n**3 + 2*n**2 + 11*n + 1. Determine y(0).
1
Let t(g) = 24*g + 1. Calculate t(0).
1
Let i(q) = -q**3 - 3*q**2 + 3*q + 3. What is i(-4)?
7
Let h(g) = g**2 - 40*g + 378. Determine h(16).
-6
Let s(t) = -t**2 - 9*t + 98. Give s(6).
8
Let m(o) = o**3 - 22*o**2 - 23*o + 9. Give m(23).
9
Let h(w) = -w**3 + 61*w**2 + 6*w - 360. Calculate h(61).
6
Let f(m) = -m**2 + 6*m + 6. Give f(8).
-10
Let j(q) = -8*q + 16. Calculate j(-5).
56
Let m(a) = 60*a + 295. What is m(-5)?
-5
Let m(d) = d**3 - d**2 - 7*d + 5. Calculate m(3).
2
Let w(f) = f**3 - 6*f**2 + 5*f - 2. Calculate w(4).
-14
Let r(o) = o**2 + 24*o + 81. Give r(-20).
1
Let n(f) = -6*f - 48. What is n(-9)?
6
Let g(d) = 2*d**3 + d**2 - 2*d - 3. Determine g(-1).
-2
Let j(w) = -w**2 - 3*w - 1. Calculate j(-1).
1
Let k(z) = 2*z**2 - 15*z + 16. Give k(7).
9
Let c(s) = -s**2 + 7*s + 15. Give c(10).
-15
Let s(u) = -9*u - 10. What is s(-1)?
-1
Let c(r) = 2*r**2 + 2*r - 4. What is c(-3)?
8
Let o(a) = -13*a + 67. What is o(4)?
15
Let s(l) = -4*l - 23. Calculate s(-6).
1
Let t(w) = w**2 + 40*w + 214. Give t(-7).
-17
Let a(s) = -s - 25. Calculate a(-29).
4
Let w(n) = n**2 + 6*n + 8. Calculate w(-5).
3
Let o(v) = 6*v**2 - 9*v - 12. Calculate o(6).
150
Let b(c) = -c - 14. Give b(-16).
2
Let l(g) = g**2 - 2*g - 7. Give l(-6).
41
Let x(i) = 4*i - 36. Give x(8).
-4
Let r(s) = -s**2 - 16*s - 35. What is r(-12)?
13
Let d(n) = 2*n**2 - 3*n + 9. What is d(9)?
144
Let h(d) = 17*d**2 + 1. Determine h(-1).
18
Let j(s) = -6*s - 3. What is j(-3)?
15
Let c(f) = f**2 + 10*f + 17. Determine c(-5).
-8
Let p(t) = -2*t**2 - 15*t + 8. Give p(-7).
15
Let o(v) = v**2 - v + 4. Determine o(3).
10
Let n(m) = -m**3 + 10*m**2 - 9*m + 5. Determine n(9).
5
Let r(p) = -22*p + 248. Calculate r(11).
6
Let x(c) = -2*c**2 - 2*c. What is x(-4)?
-24
Let o(s) = s**2 - 3*s - 4. Calculate o(5).
6
Let a(q) = q**2 - 10*q + 2. Calculate a(10).
2
Let z(t) = 2*t - 37. Calculate z(16).
-5
Let s(w) = w**2 + 2*w. Give s(-3).
3
Let v(w) = -5*w + 3. Determine v(-7).
38
Let f(m) = m**2 + 9*m + 10. Give f(-10).
20
Let v(a) = a**3 - 8*a**2 - 5*a + 2. Give v(8).
-38
Let f(c) = -2*c**2 - c - 1. What is f(-1)?
-2
Let w(i) = 7*i - 23. Calculate w(4).
5
Let j(l) = -l**2 + 8*l - 7. Give j(9).
-16
Let p(z) = -z**3 + 23*z**2 + 24*z + 3. What is p(24)?
3
Let i(v) = v**3 - 2*v**2 + 5*v - 11. What is i(0)?
-11
Let v(u) = 4*u**2 - 4*u - 18. Calculate v(-7).
206
Let u(z) = 20*z + 7. What is u(-2)?
-33
Let c(j) = -j**3 - 28*j**2 - 24*j + 73. What is c(-27)?
-8
Let l(d) = d**3 - 9*d**2 + 7*d - 12. Determine l(8).
-20
Let k(q) = -3*q - 37. Give k(-17).
14
Let k(b) = -b**2 - 29*b + 235. What is k(-36)?
-17
Let z(n) = -n**3 - 9*n**2 - 27*n - 97. Calculate z(-7).
-6
Let c(s) = -s**2 + 28*s + 11. Calculate c(22).
143
Let p(f) = -10*f + 11. Give p(1).
1
Let d(p) = -28*p - 29. Calculate d(-3).
55
Let k(j) = -9*j + 94. Determine k(21).
-95
Let l(m) = -m - 20. Give l(-17).
-3
Let k(u) = -u**2 + u + 4. Calculate k(-3).
-8
Let m(n) = -n**3 + 5*n**2 - 2*n - 19. Calculate m(-3).
59
Let h(w) = -6*w**2 + 15*w + 36. Calculate h(-2).
-18
Let d(c) = 3*c**2 - 22*c - 147. What is d(-5)?
38
Let l(t) = 11*t**3 + 5*t**2 - 6*t + 2. Calculate l(1).
12
Let b(k) = k**3 - 2*k**2 - 32*k + 12. Calculate b(-5).
-3
Let k(u) = -u**3 - 4*u**2 + 6*u - 3. Calculate k(-5).
-8
Let u(x) = x**2 - 7*x + 6. Calculate u(6).
0
Let l(u) = -31*u - 65. Calculate l(-2).
-3
Let p(a) = a**3 + 37*a**2 - 14*a + 909. Give p(-38).
-3
Let t(g) = -5*g + 8. Determine t(12).
-52
Let k(h) = h**2 - 5*h - 8. Give k(11).
58
Let q(u) = -2*u**3 - 4*u**2. Determine q(-3).
18
Let a(z) = -z**3 - 36*z**2 - 38*z - 114. Determine a(-35).
-9
Let b(m) = -m**3 + 9*m**2 + 9*m - 8. Determine b(10).
-18
Let s(m) = m**3 + 6*m**2 + m - 6. Determine s(-5).
14
Let g(n) = n**3 + n**2 + 2*n + 51. Give g(0).
51
Let c(a) = -a**3 + 52*a**2 - a + 62. Determine c(52).
10
Let w(m) = 64*m**3 + m**2 - 1. Determine w(1).
64
Let w(r) = -r - 3. Give w(8).
-11
Let w(k) = k**3 - 12*k**2 - 20*k + 244. Give w(12).
4
Let l(s) = -2*s**3 - 1. Calculate l(1).
-3
Let k(m) = m**2 + 5*m - 27. Determine k(-8).
-3
Let t(x) = -x**3 + 13*x**2 + 23*x - 120. Calculate t(14).
6
Let h(s) = 7*s**3 + 3*s**2 - 5*s + 3. What is h(1)?
8
Let l(x) = x**3 + 20*x**2 - 4*x - 87. Calculate l(-20).
-7
Let g(t) = t**3 + 5*t**2 + 4*t + 7. Calculate g(-5).
-13
Let i(v) = 20*v**2 - 7*v + 8. Calculate i(1).
21
Let n(l) = -7*l - 81. Calculate n(-14).
17
Let h(l) = 9*l - 28. Give h(-10).
-118
Let p(n) = n**2 - 6*n - 1. Calculate p(9).
26
Let i(m) = m**2 + 9*m - 1. Calculate i(-11).
21
Let a(h) = 5*h**3 - h**2 + 3*h - 2. Give a(2).
40
Let z(q) = q + 7. Calculate z(-4).
3
Let h(i) = 23*i - 19. Determine h(5).
96
Let l(p) = 11*p + 65. Calculate l(-12).
-67
Let x(l) = 24*l**2 - 3*l + 2. Determine x(1).
23
Let b(s) = s**2 - 13*s + 12. What is b(12)?
0
Let j(g) = -4*g - 1. Calculate j(4).
-17
Let h(i) = -i**3 - 17*i**2 - 18*i - 18. Calculate h(-16).
14
Let c(u) = -u**3 + 9*u**2 - 9*u - 9. Give c(8).
-17
Let s(t) = 2*t**2 - 13*t - 7. Give s(7).
0
Let g(i) = -6*i**2 - i + 2. Give g(2).
-24
Let x(k) = 2*k**2 - 36*k - 15. Determine x(18).
-15
Let q(n) = n - 41. Determine q(9).
-32
Let m(r) = -r**3 + 6*r**2 + 15*r + 5. What is m(8)?
-3
Let q(i) = -i**3 - i**2 + i + 11. Determine q(-4).
55
Let c(h) = h**3 + 32*h**2 - 34*h - 27. Give c(-33).
6
Let v(i) = i**3 + 6*i**2 - 6. Give v(-6).
-6
Let b(h) = -h + 5. Determine b(-3).
8
Let t(r) = -r**3 + 23*r**2 + 20*r + 108. Calculate t(24).
12
Let v(o) = o**2 - 5*o - 5. Calculate v(6).
1
Let k(w) = -53*w**2 + 3*w. Calculate k(-1).
-56
Let t(x) = x**2 - 6*x + 2. Calculate t(4).
-6
Let f(t) = -t**2 - 3*t + 5. What is f(-8)?
-35
Let q(w) = -18*w + 187. What is q(11)?
-11
Let v(t) = 4*t**2 + 6*t + 1. Give v(3).
55
Let q(j) = 3*j**2 - 42*j - 19. Determine q(14).
-19
Let i(d) = 5*d + 29. Calculate i(-7).
-6
Let p(w) = -w**3 + 2*w**2 + w - 3. Calculate p(2).
-1
Let y(z) = z**3 + 2*z**2 - z + 2. Give y(-2).
4
Let i(w) = -4*w**3 + 2*w**2 - 4*w - 3. Determine i(2).
-35
Let o(c) = -c**2 + 5*c - 7. Give o(5).
-7
Let m(v) = -v**2 - 3*v + 14. What is m(-5)?
4
Let d(q) = -q**3 - 10*q**2 - 21*q - 98. Calculate d(-9).
10
Let p(k) = -21*k + 181. What is p(9)?
-8
Let a(m) = 2*m**2 - 7*m + 8. Give a(-5).
93
Let f(x) = 24*x**2 + 6*x + 3. What is f(-1)?
21
Let o(m) = 4*m + 20. What is o(-7)?
-8
Let r(j) = -j**2 + j + 13. Determine r(-4).
-7
Let w(o) = -o**3 - 2*o**2 + 2. What is w(-3)?
11
Let z(a) = -a**3 + 7*a**2 - 7*a - 35. Give z(5).
-20
Let s(g) = g**3 + 11*g**2 - 13*g - 14. Give s(-12).
-2
Let y(u) = u**3 - 13*u**2 + 9*u - 15. Calculate y(12).
-51
Let l(z) = z**2 - 8*z + 7. Calculate l(7).
0
Let a(k) = -10*k**3 - k**2 - k - 1. What is a(-1)?
9
Let k(n) = -n**3 + 15*n**2 - 15*n + 3. Determine k(14).
-11
Let b(y) = 3*y**2 - 13*y + 2. Calculate b(6).
32
Let z(c) = -2*c**2 - c. Calculate z(3).
-21
Let d(r) = 3*r + 1. Give d(3).
10
Let l(q) = 3*q**3 + 42*q**2 - 5*q - 62. Give l(-14).
8
Let j(x) = 2*x + 8. What is j(-1)?
6
Let v(g) = -2*g**2 - 4*g + 14. Give v(2).
-2
Let h(t) = -t - 10. Calculate h(-18).
8
Let x(f) = -f**2 - 8*f - 10. Determine x(-2).
2
Let j(t) = 3*t**2 + 3*t + 1. What is j(-3)?
19
Let a(r) = r**2 + 12*r + 5. Give a(-13).
18
Let n(g) = -g**2 + 29*g + 9. What is n(29)?
9
Let n(t) = -t**2 - 2